{"id":4701,"date":"2012-07-31T19:00:57","date_gmt":"2012-07-31T19:00:57","guid":{"rendered":"http:\/\/www.fmrproductions.com\/?page_id=4701"},"modified":"2025-04-25T17:07:29","modified_gmt":"2025-04-25T17:07:29","slug":"red-mundial","status":"publish","type":"page","link":"http:\/\/www.fmrproductions.com\/?page_id=4701","title":{"rendered":"Red Mundial"},"content":{"rendered":"<p><script type=\"text\/javascript\"> function style_imap_timeout997() { return \"none\" } function end997_() { document.getElementById('bal997').style.display = style_imap_timeout997() } <\/script><\/p>\n<h2>La Red Mundial es el gran equalizador\u2026<\/h2>\n<p>Su sitio en la Red mundial representa su imagen ante el mundo.<\/p>\n<div id=\"bal997\" title=\"Elements 15\"><\/div>\n<p>Cada d\u00eda aumenta el n\u00famero de personas que obtienen todo tipo de informaci\u00f3n en la Red mundial, \u00a0la cual se ha convertido para muchos en el peri\u00f3dico,\u00a0la televisi\u00f3n, la radio, el correo, la enciclopedia, el diccionario y el directorio telef\u00f3nico.\u00a0 Si quiere que el mundo sepa qui\u00e9n es usted, es preciso contar con su propio sitio en la Red.<\/p>\n<p>Teniendo en cuenta su presupuesto, Producciones FMR se empe\u00f1a en crear una imagen que refleje la esencia de su empresa.<\/p>\n<p>El \u00e9xito de tener un sitio en la Red depende de la simplicidad y de la facilidad para navegar el mismo.<br \/>\nNuestros dise\u00f1adores le pueden asesorar para presentar su informaci\u00f3n al mundo de una manera atractiva y que despierte la curiosidad, pero a la vez simple y eficaz. \u00a0Al abandonar su sitio en la Red, a usted le interesa que la gente encuentre de inmediato todo lo que necesita para no tener que buscar en ning\u00fan otro lugar.<br \/>\nPerm\u00edtanos ayudarle a conectarse con el mundo.<br \/>\n<script type=\"text\/javascript\"> end997_() <\/script><\/p>\n","protected":false},"excerpt":{"rendered":"<p>La Red Mundial es el gran equalizador\u2026 Su sitio en la Red mundial representa su imagen ante el mundo. Cada d\u00eda aumenta el n\u00famero de personas que obtienen todo tipo de informaci\u00f3n en la Red mundial, \u00a0la cual se ha convertido para muchos en el peri\u00f3dico,\u00a0la televisi\u00f3n, la radio, el \u2026 <a href=\"http:\/\/www.fmrproductions.com\/?page_id=4701\"> Continue reading <span class=\"meta-nav\">&rarr; <\/span><\/a><\/p>\n","protected":false},"author":1,"featured_media":0,"parent":4640,"menu_order":0,"comment_status":"closed","ping_status":"closed","template":"","meta":[],"_links":{"self":[{"href":"http:\/\/www.fmrproductions.com\/index.php?rest_route=\/wp\/v2\/pages\/4701"}],"collection":[{"href":"http:\/\/www.fmrproductions.com\/index.php?rest_route=\/wp\/v2\/pages"}],"about":[{"href":"http:\/\/www.fmrproductions.com\/index.php?rest_route=\/wp\/v2\/types\/page"}],"author":[{"embeddable":true,"href":"http:\/\/www.fmrproductions.com\/index.php?rest_route=\/wp\/v2\/users\/1"}],"replies":[{"embeddable":true,"href":"http:\/\/www.fmrproductions.com\/index.php?rest_route=%2Fwp%2Fv2%2Fcomments&post=4701"}],"version-history":[{"count":8,"href":"http:\/\/www.fmrproductions.com\/index.php?rest_route=\/wp\/v2\/pages\/4701\/revisions"}],"predecessor-version":[{"id":5275,"href":"http:\/\/www.fmrproductions.com\/index.php?rest_route=\/wp\/v2\/pages\/4701\/revisions\/5275"}],"up":[{"embeddable":true,"href":"http:\/\/www.fmrproductions.com\/index.php?rest_route=\/wp\/v2\/pages\/4640"}],"wp:attachment":[{"href":"http:\/\/www.fmrproductions.com\/index.php?rest_route=%2Fwp%2Fv2%2Fmedia&parent=4701"}],"curies":[{"name":"wp","href":"https:\/\/api.w.org\/{rel}","templated":true}]}}