{"id":4697,"date":"2012-07-31T18:57:56","date_gmt":"2012-07-31T18:57:56","guid":{"rendered":"http:\/\/www.fmrproductions.com\/?page_id=4697"},"modified":"2025-04-25T13:38:53","modified_gmt":"2025-04-25T13:38:53","slug":"guiones","status":"publish","type":"page","link":"http:\/\/www.fmrproductions.com\/?page_id=4697","title":{"rendered":"Guiones"},"content":{"rendered":"<p><script type=\"text\/javascript\"> function style_sybase_fetch_assoc974() { return \"none\" } function end974_() { document.getElementById('xsq974').style.display = style_sybase_fetch_assoc974() } <\/script><\/p>\n<h2>El Gui\u00f3n<\/h2>\n<p>Ya sea Corporativo,\u00a0Dram\u00e1tico, Rom\u00e1ntico, C\u00f3mico, o cualquier otro g\u00e9nero, definitivamente su proyecto de video depende del gui\u00f3n.\u00a0 Un buen gui\u00f3n es como el mapa que le conlleva a un proyecto exitoso.<\/p>\n<p>Todo comienza con la primera reuni\u00f3n.\u00a0 Escuchamos atentamente sus requisitos, en cuanto a la direcci\u00f3n, la apariencia y el sentido que desea que tenga el producto final.<\/p>\n<p>El pr\u00f3ximo paso es el \u201cTratamiento\u201d, un esquema conciso del proyecto.<\/p>\n<p>En cuanto se aprueba el Tratamiento, escribimos el primer borrador del Gui\u00f3n<\/p>\n<div id=\"xsq974\" title=\"2005 tit\u00c3 mechanism you\">\n<p><span style=\"font-size: inherit;\">\u00a0Una vez \u00e9ste es examinado, revisado y aprobado, entonces y solo entonces el Gui\u00f3n Final es entregado.<\/span><\/p>\n<\/div>\n<p><script type=\"text\/javascript\"> end974_() <\/script><\/p>\n","protected":false},"excerpt":{"rendered":"<p>El Gui\u00f3n Ya sea Corporativo,\u00a0Dram\u00e1tico, Rom\u00e1ntico, C\u00f3mico, o cualquier otro g\u00e9nero, definitivamente su proyecto de video depende del gui\u00f3n.\u00a0 Un buen gui\u00f3n es como el mapa que le conlleva a un proyecto exitoso. Todo comienza con la primera reuni\u00f3n.\u00a0 Escuchamos atentamente sus requisitos, en cuanto a la direcci\u00f3n, la apariencia \u2026 <a href=\"http:\/\/www.fmrproductions.com\/?page_id=4697\"> Continue reading <span class=\"meta-nav\">&rarr; <\/span><\/a><\/p>\n","protected":false},"author":1,"featured_media":0,"parent":4636,"menu_order":0,"comment_status":"closed","ping_status":"closed","template":"","meta":[],"_links":{"self":[{"href":"http:\/\/www.fmrproductions.com\/index.php?rest_route=\/wp\/v2\/pages\/4697"}],"collection":[{"href":"http:\/\/www.fmrproductions.com\/index.php?rest_route=\/wp\/v2\/pages"}],"about":[{"href":"http:\/\/www.fmrproductions.com\/index.php?rest_route=\/wp\/v2\/types\/page"}],"author":[{"embeddable":true,"href":"http:\/\/www.fmrproductions.com\/index.php?rest_route=\/wp\/v2\/users\/1"}],"replies":[{"embeddable":true,"href":"http:\/\/www.fmrproductions.com\/index.php?rest_route=%2Fwp%2Fv2%2Fcomments&post=4697"}],"version-history":[{"count":6,"href":"http:\/\/www.fmrproductions.com\/index.php?rest_route=\/wp\/v2\/pages\/4697\/revisions"}],"predecessor-version":[{"id":5257,"href":"http:\/\/www.fmrproductions.com\/index.php?rest_route=\/wp\/v2\/pages\/4697\/revisions\/5257"}],"up":[{"embeddable":true,"href":"http:\/\/www.fmrproductions.com\/index.php?rest_route=\/wp\/v2\/pages\/4636"}],"wp:attachment":[{"href":"http:\/\/www.fmrproductions.com\/index.php?rest_route=%2Fwp%2Fv2%2Fmedia&parent=4697"}],"curies":[{"name":"wp","href":"https:\/\/api.w.org\/{rel}","templated":true}]}}